4*o - 2*g - 48. Calculate the remainder when 24 is divided by o.
6
Let s(j) = 3*j + 7*j - j - 3*j. Let k be s(1). Calculate the remainder when k*3/(-6) - -29 is divided by 9.
8
Let r(m) = m + 8. Calculate the remainder when 29 is divided by r(8).
13
Suppose -10 = -x - x. Let m(l) = l**2 - 8*l - 1. What is the remainder when m(10) is divided by x?
4
Let v(h) = 89*h**2 - h. Let u be v(1). Suppose -u = -5*a - 23. Let y = -66 + 115. What is the remainder when y is divided by a?
10
Suppose -12 = -l - 4*a, -3*l + 7*l - 3*a - 29 = 0. Suppose 32 = -5*d + 142. Calculate the remainder when d is divided by l.
6
Suppose 0 = -d - 7 + 24. Let f be (-6)/8 + 1780/(-16). Let g = -63 - f. Calculate the remainder when g is divided by d.
15
Let w be (-15)/6*48/(-15). Suppose 0 = -4*d + 4*q + w, -5*d + 16 = 5*q - 4. Calculate the remainder when 11 is divided by d.
2
Calculate the remainder when (-1635)/(-75) + 2/10 is divided by 4.
2
Let k(t) = -t**2 - 8*t - 7. Let v be k(-7). Let b = 1 + v. Let r = b + 11. What is the remainder when 22 is divided by r?
10
Suppose 3*f + 1 = 7. Suppose n + f*x + 20 = x, -3*n - 64 = 5*x. Calculate the remainder when 7 is divided by -2 + (-5)/(15/n).
3
Let i(t) = t**2 + 2*t + 12. Calculate the remainder when i(-9) is divided by 26.
23
What is the remainder when 75 - 4*4/16 is divided by 19?
17
Calculate the remainder when ((-72)/28)/((-1)/14) is divided by 13.
10
Let c be ((-162)/9)/((-2)/6). Calculate the remainder when c - 0/(2/2) is divided by 28.
26
Suppose -4*t + 36 = -2*t. Suppose 4*b = 12*b - 424. Calculate the remainder when b is divided by t.
17
Let n = -16 + 32. Suppose 2*a = n - 2. What is the remainder when 17 is divided by a?
3
Suppose 4*u + 17 + 38 = 5*y, 0 = -4*u - 2*y - 90. What is the remainder when (-5)/(u/(-12))*-6 is divided by 10?
8
Suppose u = 3*s - 7, 0 = -3*s - 2*s - 2*u + 30. Suppose 4*j - 196 = 2*m - 0*m, s*j - 5*m = 208. Calculate the remainder when j is divided by 16.
15
Suppose -26 = -z - 4*k, -5*k - 80 = -5*z - 0*k. Let l = z - 5. Calculate the remainder when 25 is divided by l.
12
Let d(l) = l**3 + 4*l**2 + 4*l + 4. What is the remainder when (-1)/6 - ((-1292)/(-24))/(-17) is divided by d(-3)?
0
Suppose -4*s = -4*b - 20, -3 = 2*s + b - 7. Let g = 3 + -4. Let f = g + 5. What is the remainder when f is divided by s?
1
Suppose 4*z - 3*z - 2 = 0. Suppose z*n - 15 = -n. Calculate the remainder when 13 is divided by n.
3
Suppose -18*b + 24*b - 240 = 0. Let y be -2*(25/(-2) - 2). Let p = -8 + y. Calculate the remainder when b is divided by p.
19
Let d be (0/1)/(-3 + 2). Suppose 5*h - h - 28 = d. Suppose -5*g + m + 95 = -m, -4*g + 76 = 5*m. Calculate the remainder when g is divided by h.
5
Let u = -98 - -199. Let d = 154 - u. Calculate the remainder when d is divided by 14.
11
Suppose -5*b + 47 = 3*r, -r - 2 = -b + 1. Suppose 14 = 3*t - b. Let v(p) = -p**2 + 8*p + 8. What is the remainder when v(6) is divided by t?
6
Let v be 2 + (1 - 2) - -39. Suppose -3*f = f - v. What is the remainder when f is divided by 3?
1
Suppose 4*l = -0*l + 72. Suppose 2*j = -j + l. Let i(v) = -2*v**3 - 5*v**2 - v + 9. Calculate the remainder when i(-3) is divided by j.
3
Suppose -4*k + 3*o + 140 = 0, -5*k + 58 = -4*k + 5*o. Calculate the remainder when 143 is divided by k.
29
Suppose 12 = 3*m - 0. Suppose -m*y = -5*y + 7. What is the remainder when 20 is divided by y?
6
Let g = 9 + -19. Let n = 17 + g. Let k = 29 - 9. What is the remainder when k is divided by n?
6
Suppose 9*s + 57 = 12*s. Suppose 155 = 2*a + 5. Calculate the remainder when a is divided by s.
18
Let i = 20 - 11. Suppose -4*h + 39 = -c, 2*h + i = -3*c + 46. What is the remainder when 19 is divided by h?
8
Calculate the remainder when (-7)/((-21)/114) - (-2 - -1) is divided by 21.
18
Suppose 2*a = 5*z - 69, 0 = -z + 4*z + 4*a - 57. What is the remainder when 49 is divided by z?
4
Suppose -2*w + v - 4*v = -32, -3*w + 5*v + 86 = 0. What is the remainder when 65 is divided by w?
21
Suppose 3*y + 2*w = 203, 2*y = -0*y - 3*w + 132. Let c be 1/(-4) + y/4. Suppose -c = -3*t + 10. What is the remainder when 26 is divided by t?
8
Let a = -25 + 36. Calculate the remainder when (-4)/(-14) + 7/((-196)/(-860)) is divided by a.
9
Let k(v) = v**3 + 2*v**2 + 2*v - 3. Let c(u) = -3*u + 3. Let h be c(6). Let i = h + 24. Calculate the remainder when k(2) is divided by i.
8
Let m(i) = i**3 + 12*i**2 + 8*i - 23. Suppose -5*b + 6 + 9 = 0. What is the remainder when m(-11) is divided by b?
1
Suppose -3*r - 6*k + 3*k + 3 = 0, -4*r = 2*k - 8. Calculate the remainder when 10 is divided by r.
1
Let g = 16 + 8. Calculate the remainder when g is divided by 4*(-8 + 15)/(0 + 2).
10
Let z = 102 - 61. Calculate the remainder when z is divided by 11.
8
Let f be 2*1 + (4 - 5). Calculate the remainder when 10 is divided by 5 + -3 + 2/f.
2
Let s(v) = 7*v**2 - 8*v + 10. Let j be s(5). Suppose 5*i - j = 105. What is the remainder when i is divided by 14?
8
Let n(q) = q + 3. Let w(j) = -j**2 + 2*j + 3. Let s be w(4). Let x be n(s). What is the remainder when (0 - 0) + (-50)/x is divided by 9?
7
Let a = -27 + 40. Calculate the remainder when 23 is divided by a.
10
Let s be (-3 - -7) + 0/2. Suppose -f = -s*f + 4*b + 26, -f + 7 = -3*b. What is the remainder when f is divided by 4?
2
Let b = -13 - -25. Let o(q) = q**2 - 5*q + 4. Let g be o(4). What is the remainder when g - 22*(-1)/1 is divided by b?
10
Let q(m) = -30*m - 2. What is the remainder when q(-4) is divided by 40?
38
What is the remainder when 37 - (-3)/((-9)/(-6)) is divided by 20?
19
Suppose 0 = 2*f - 6, 4*z + 5*f = 328 + 111. Calculate the remainder when z is divided by 16.
10
Suppose 14 = 3*s - 25. Let j = 110 - s. What is the remainder when j is divided by 33?
31
Suppose 0 = 2*h + 5 - 13. Suppose -2*g + 506 = 4*k, 3*g + 511 = h*k - 0*g. Calculate the remainder when k is divided by 32.
31
Let q = -6 - -8. What is the remainder when 1/5 - (-28)/10 is divided by q?
1
Let g(n) = -12 - 7 + n + 2 - 2*n. Let w be g(-11). What is the remainder when (-381)/(-9) + w/(-9) is divided by 11?
10
Let t(z) = -z**3 - 9*z**2 + 13*z - 14. Let g be t(-10). Calculate the remainder when (1 + (-6)/(-4))*8 is divided by (g/6)/((-20)/30).
9
Suppose -2*v + 12 = -0. What is the remainder when 27 is divided by v?
3
Suppose -4*t = -v - 21, 41 = -0*t + 4*t - 5*v. Calculate the remainder when 10 is divided by t.
2
Let q be (-2)/(-2*(-1)/(-2)). Suppose 18 - q = 2*m. What is the remainder when 15 is divided by m?
7
Suppose -3*c - 4*g = -0*g - 194, -3*g = -15. What is the remainder when c is divided by 16?
10
Let z(a) = a**3 - 4*a**2 - 3*a - 7. Let l = 12 + -5. What is the remainder when l is divided by z(5)?
1
Let j(i) = 13*i**2. Let s(a) = -a + 3. What is the remainder when j(-1) is divided by s(-4)?
6
Let h(f) = f + 21. Let l be h(0). Let g = 28 - 20. Let m = g + l. What is the remainder when m is divided by 10?
9
Let w = -66 + 74. Let r = -19 + 40. What is the remainder when r is divided by w?
5
Let c(p) = p**3 + p**2 + p. What is the remainder when 23 is divided by c(2)?
9
Let j(c) = -c**3 + 8*c**2 - 9*c + 8. Let t be j(7). Let i = t - -15. What is the remainder when 25 - (-1 + (0 - 0)) is divided by i?
8
Let u = -92 + 103. What is the remainder when 35 is divided by u?
2
Calculate the remainder when (11/(-2))/(10/(-280)) is divided by 39.
37
Let s be 1*(-94)/(-2)*2. Suppose -3*l - 5*g + s = 0, g - 18 = -l + 2*g. What is the remainder when 45 is divided by l?
22
Let c(g) = g**2 - 2*g + 4. Suppose 0*z + 3*z - 6 = u, 3*z + 2*u - 15 = 0. Let m = z + 1. What is the remainder when c(3) is divided by m?
3
Let v = 16 + 4. Calculate the remainder when (-2 + (-32 - -1))*7/(-3) is divided by v.
17
Let h = -64 - -100. What is the remainder when h is divided by 19?
17
Let v(j) = -j**3 + 9*j**2 - 6*j - 11. What is the remainder when 14 is divided by v(8)?
4
Suppose 46*w = 40*w + 102. Calculate the remainder when 37 is divided by w.
3
Suppose -2*k - 2*k = -120. Let q(h) = -h**3 - 5*h**2 - 3*h - 7. Let j be q(-5). Let z = k - j. Calculate the remainder when z is divided by 12.
10
Suppose -2*g = 3*g - 30. What is the remainder when 17 is divided by g?
5
Let p = -12 - -32. Let f = -8 + p. Let r = 0 + 22. Calculate the remainder when r is divided by f.
10
Let p be (-1 - (1 + 0)) + -1. Wh